s and 248.
31
Suppose 0 = 3*k + 4*v - 4614 - 4715, -3*k = 5*v - 9328. What is the greatest common factor of k and 51?
51
Suppose 4*r + 4*y = 0, -5*r + 0*y + 2*y = -21. Suppose 4*u - 2*n - 226 = 0, u = -r*n - 7 + 60. Calculate the highest common divisor of 72 and u.
8
Let k = 488 + -196. Calculate the greatest common divisor of 1241 and k.
73
Let o(u) = 5*u + 21. Let r(d) = 4*d + 28. Let y(n) = 5*o(n) - 4*r(n). Let g be 9 + (2 + -3)*2. Let v be y(g). What is the greatest common factor of 14 and v?
14
Let u = -140 - -145. Let x be (8/u)/((-1)/((-75)/6)). Let z be (24*15/x)/((-3)/(-2)). Calculate the greatest common factor of z and 1.
1
Let p(w) = w**3 + 50*w**2 + 211*w - 606. Let k be p(-45). Calculate the highest common divisor of 8616 and k.
24
Suppose -4*m = 2*g - 10 - 36, -127 = -4*g - m. Let r = 3180 - 3147. What is the greatest common divisor of g and r?
33
Suppose 3*a = -22 - 2. Let g = 5 + a. Let j be (-742)/(-63) + g*2/(-27). What is the highest common divisor of j and 96?
12
Let t(h) = -10*h - 85. Let a(d) = 2*d - 27. Let c be a(3). Let u be t(c). What is the highest common factor of u and 75?
25
Suppose 0*y - 10 = -5*a - y, 0 = -4*y. Let f(c) = 6*c**3 - 3*c**2 + 4*c - 2. Let u be f(a). What is the greatest common factor of 168 and u?
42
Let y = -15821 + 16108. Calculate the highest common factor of 1927 and y.
41
Let z = 2566 - 2083. Calculate the greatest common divisor of 276 and z.
69
Suppose -5*x + f - 8 = -44, 2*f = -12. What is the highest common divisor of 69 and x?
3
Suppose 2*n - 4*t = 132, -4*t + 27 = -n + 87. Suppose 10*k - 3*k = 252. What is the highest common factor of n and k?
36
Let m(x) = 305*x + 3915. Let v be m(-8). Calculate the highest common divisor of 59 and v.
59
Let s = 8 - 6. Suppose -s*a - 3 = -a - k, -5*a = 4*k - 12. Suppose -108*f + 105*f + 126 = a. What is the greatest common divisor of f and 168?
42
Let p(m) = -65*m - 17605. Let q be p(-273). Suppose l - 70 = -l. Calculate the highest common divisor of q and l.
35
Suppose -24 = -3*g, 32*g = -3*r + 35*g + 54. What is the greatest common factor of r and 13091?
13
Let x be (-2730)/(-28)*(2/14 - (-50)/42). Calculate the highest common divisor of 975 and x.
65
Suppose -4*i + 9 = -7. Let b be 8/i + 1 + 1. Suppose -4*n + 9*n - 160 = 0. What is the highest common divisor of n and b?
4
Let q(k) = k**3 - 4*k**2 + 4*k - 1. Let u be q(3). Suppose -3 = 4*h - 7. Let f(y) = 12*y + 2. Let m be f(h). Calculate the greatest common divisor of m and u.
2
Let k(r) = 2*r**3 - 21*r**2 + 11*r + 24. Suppose 40 = 36*q - 31*q - 2*t, -2*t = -q. Let o be k(q). What is the greatest common factor of o and 85?
17
Let o(c) = c**2 - 153*c + 60. Let k be o(0). Calculate the greatest common divisor of 108 and k.
12
Suppose 4*f - 2*i = 874, 4*i - 4 - 8 = 0. Let n be (8/5)/((-202)/(-50) + -4). What is the greatest common factor of f and n?
20
Suppose -67*h - 2*j - 496 = -69*h, -h + 254 = 2*j. Calculate the greatest common divisor of 3350 and h.
50
Suppose -239 + 6053 = 171*j. Suppose -c - c = -1564. Calculate the greatest common divisor of c and j.
34
Suppose 2248 + 1910 = 18*g. Suppose -g - 921 = -4*c. What is the highest common factor of c and 27?
9
Suppose 2*h = -2*t + 198, 0*h + 3*h + 2*t - 292 = 0. Suppose -3*f = w - h, 6*w - 3*w - 262 = f. What is the highest common factor of 132 and w?
44
Let j(b) = 56*b + 49. Let q be j(4). Suppose 2*n = 4*y - q - 39, 5*y - n = 396. Calculate the highest common divisor of 5 and y.
5
Let o(x) = 180*x - 934. Let h be o(13). What is the highest common factor of 296 and h?
74
Suppose -a = -0*a - 52. Let w = a + -20. Let n be -48*(-3)/(-6)*-1. What is the highest common factor of n and w?
8
Suppose 6*m + 5*t - 33645 = 0, -4*m = -5*t - 2866 - 19539. Calculate the highest common divisor of m and 1475.
295
Let w be (5 - 5)*(-2)/(-6). Suppose w = -2*v + 173 + 99. Let b be -4*17/(-4)*1. Calculate the greatest common divisor of v and b.
17
Suppose 2*p - 6 = 5*j, 102*j = 107*j. Let x = -9 - -34. What is the greatest common factor of p and x?
1
Let u(y) = -y + 14. Let i be u(11). Suppose 4*w + 117 = 2*x - i, -270 = -4*x + 2*w. What is the greatest common factor of 154 and x?
14
Let y be (413/(-14) + -11)/((-3)/4). Let m be -52*((-247)/18 + (-4)/(-18)). What is the highest common divisor of m and y?
54
Let n(s) = -450*s - 314. Let h be n(-9). What is the greatest common factor of h and 4?
4
Let n(y) = 99*y**2 - 44*y - 58. Let z be n(-4). Calculate the greatest common divisor of 1406 and z.
74
Let h = 15 + -3. Let y be 0 + 5 - 6/h*6. Suppose -4*u + 170 = 2*a + 42, y*u + 4*a = 76. Calculate the highest common divisor of u and 45.
15
Suppose 5*x = s - 0*x - 50, 5*s - 208 = 4*x. Calculate the highest common factor of s and 1660.
20
Suppose 315 = -2*j + 329, 3*y - 613 = 5*j. What is the greatest common divisor of 480 and y?
24
Suppose -20*p + 37*p = 0. Let c(q) = 9*q**3 - 2*q**2 - 2*q + 58. Let w be c(p). Calculate the highest common factor of w and 29.
29
Let z(a) = -2*a - 22. Let i be z(-11). Suppose -5*k + 4*k = -2*v + 4, i = -4*k - v + 29. Calculate the greatest common factor of k and 2.
2
Suppose 121*j - 126*j = 4*y - 52, -2*y - 5*j = -16. What is the highest common divisor of y and 132?
6
Suppose 0 = 15*p - 14*p. Suppose -3*a + x - 5*x = p, -5*a = 2*x. Suppose a = 6*g - 32 - 46. Calculate the greatest common divisor of 104 and g.
13
Let k = 61 - 36. Let l = -24450 - -24650. Calculate the highest common divisor of k and l.
25
Let p(h) = -h**2 + 31*h - 88. Let d(z) = -2*z**2 + 63*z - 177. Let i(q) = 3*d(q) - 7*p(q). Let l be i(25). Calculate the highest common factor of l and 70.
10
Let g be (12/(-9))/(70/(-71190)). What is the greatest common divisor of g and 72?
12
Let m be -1 - -1 - (-40)/4. Let l(d) = -5*d - 57. Let g be l(-17). Suppose 2*o - g = -m. Calculate the highest common factor of o and 63.
9
Let i(l) = -5*l + 2*l + 9 - l**3 - 3 - 3*l + 3*l**2. Let n be i(3). Let h be 24 + (5 - n/(-3))*0. What is the highest common divisor of h and 120?
24
Suppose -56 = -69*d + 65*d. Let g(x) = x**3 - x**2 - 3*x + 4. Let r be g(2). Let j be (-168)/(r + 2)*-1. What is the greatest common factor of d and j?
14
Let z(x) = -88*x - 1028. Let c be z(-12). Calculate the highest common factor of c and 5530.
14
Let g(b) = 5*b**2 + 5*b. Let y be g(-4). Let j be ((-40)/33*(-4590)/(-1275))/(3/(-66)). Calculate the highest common factor of y and j.
12
Suppose 10*y - 5 = 45. Suppose -10*r + 6*r - 2*t = -224, y*r - 280 = 4*t. What is the highest common divisor of 4 and r?
4
Let c = 4227 + -4197. Calculate the highest common divisor of 5370 and c.
30
Suppose 242 = 23*d - 195. Suppose -2*u + 99 = d. What is the highest common factor of u and 15?
5
Let h be (-35)/(-7)*(-2)/(6/(-15)). Calculate the greatest common factor of h and 100.
25
Suppose 0*d - 4*d = -1248. Suppose 8*o = 4*o + d. Let a = o - 62. What is the highest common factor of 24 and a?
8
Suppose -3*j = -3*d - 87, 49*d - 3*j = 50*d + 33. Let l be (d/(-40) - (2 + -1))*-84. Calculate the greatest common divisor of l and 987.
21
Suppose -50828 = -50*g - 13928. Calculate the highest common factor of g and 164.
82
Suppose 12*h + 9 = 15*h. Let a(y) = y - 19 + y**h + 397*y**2 + 2*y - 404*y**2. Let c be a(7). Calculate the greatest common divisor of c and 2.
2
Suppose -3*l - 16*c = -8*l + 6352, 1274 = l - 5*c. Calculate the greatest common factor of l and 64.
16
Suppose 0 = -3*f - 5*j + 80, 3*j = -2*f + 58 - 3. Suppose 106*v - 2*r + 27 = 111*v, v + 4*r = 9. Calculate the greatest common factor of f and v.
5
Let h be (1 + 5)*((-396)/(-27) + -14). Suppose 8 = h*y, -448 = -5*s - y + 9. What is the greatest common factor of s and 35?
7
Suppose 0 = 3*y - g - 54, y - 4*g = -4*y + 97. Let b(c) = -3 + 3*c**2 + 7 + 10*c + y. Let j be b(-7). What is the highest common divisor of j and 7?
7
Let h(r) = -2*r + 29. Let v be h(13). Suppose 0 = -3*b - t - 11, 4*t + 28 = -b - v*b. Let o be (-50)/4*b + 1. What is the greatest common factor of o and 13?
13
Let j = -8 + 24. Let h = j - 28. Let n be 4 + (-2 - -1) + (-288)/h. Calculate the greatest common factor of 36 and n.
9
Suppose 0 = -5*y + 4*k - 877, -9 + 0 = -3*k. Let c = 190 + y. What is the greatest common factor of c and 68?
17
Let o be 1/(-4 + -3 + 6)*(-2419)/41. What is the greatest common 